-250?
21b625
In base 6, what is 105 - -141244500?
141245005
In base 7, what is 145001 - -4010?
152011
In base 3, what is -20101101122112 + 2122?
-20101101112220
In base 5, what is -131132002 + 334?
-131131113
In base 10, what is 3039788 + 1?
3039789
In base 8, what is 21140 - 43411?
-22251
In base 7, what is -146 + -15104406?
-15104555
In base 16, what is -f26a5b - 4?
-f26a5f
In base 15, what is -3a58279 + 4?
-3a58275
In base 5, what is -1331434 - -10432?
-1321002
In base 4, what is -21130 + 3011221?
2330031
In base 15, what is -6a + 15363?
152e8
In base 12, what is -145 + -57001?
-57146
In base 15, what is 94e308 - 3?
94e305
In base 7, what is 426 + 66046?
66505
In base 6, what is 1054412 + -3035?
1051333
In base 9, what is 70043 - 12482?
56451
In base 6, what is 12023552 - 210?
12023342
In base 9, what is -252347 - -122?
-252225
In base 3, what is -22121 + -11221?
-111112
In base 11, what is -2 - -102a14450?
102a14449
In base 7, what is 10463 - -53213?
64006
In base 4, what is -1321220203122 + -3?
-1321220203131
In base 15, what is 39312ee - 2?
39312ec
In base 12, what is -205b104 - -3?
-205b101
In base 16, what is -16940 - 67?
-169a7
In base 13, what is 202564 - -204?
202768
In base 16, what is -21 - -a1d43?
a1d22
In base 16, what is 1d92e + 9a9?
1e2d7
In base 11, what is 531 + -5711?
-5190
In base 7, what is -3302116201 - -4?
-3302116164
In base 5, what is -111 + 1103214244?
1103214133
In base 13, what is -2943a2 + -b?
-2943b0
In base 8, what is -233 - 525126?
-525361
In base 9, what is -2434 + -2851?
-5385
In base 10, what is 79 - 594683?
-594604
In base 13, what is -4038 - 84?
-40bc
In base 13, what is 3 + -6736787?
-6736784
In base 5, what is 10 - 44310310?
-44310300
In base 7, what is 6213 - 25600?
-16354
In base 16, what is -12 + 38813?
38801
In base 3, what is -1 + -100010022210212?
-100010022210220
In base 10, what is 57737106 - 1?
57737105
In base 2, what is -1011001010111 - 10011101111001?
-11110111010000
In base 9, what is -31 - 1751270?
-1751311
In base 8, what is -2317 + -3030?
-5347
In base 6, what is -52005 + -115024?
-211033
In base 13, what is -6 + -c60c07?
-c60c10
In base 6, what is 4002 - 3402224?
-3354222
In base 12, what is 0 - 4b4357?
-4b4357
In base 7, what is -6 - -41154561?
41154552
In base 6, what is -42100524245 + 2?
-42100524243
In base 6, what is 13120 + -305314?
-252154
In base 9, what is 2 + -213562772?
-213562770
In base 7, what is 1651361 - -44?
1651435
In base 5, what is 14 - -101034103?
101034122
In base 16, what is e0a2 - c9?
dfd9
In base 4, what is 0 - 10323310303222?
-10323310303222
In base 12, what is -280 - -11660?
113a0
In base 14, what is -36c61 + -48?
-36ca9
In base 2, what is -10100110010011000001 + -1?
-10100110010011000010
In base 4, what is -1203 - 30301300?
-30303103
In base 6, what is 153400332 + -5?
153400323
In base 9, what is -6027 + -573?
-6611
In base 2, what is 10111111 + -11101001001?
-11010001010
In base 15, what is b - 130cca6?
-130cc9a
In base 2, what is 111 + 1000110110101100001?
1000110110101101000
In base 6, what is 53014315 + -2?
53014313
In base 3, what is -21212 - 211101002?
-211122221
In base 11, what is 1522 + a36?
2458
In base 10, what is -6127954 + 13?
-6127941
In base 2, what is -10110000001 - 1000110101111010?
-1001001011111011
In base 13, what is -4ac1a - b0?
-4acca
In base 12, what is 318a + ba6?
4174
In base 6, what is 250024 + 150224?
440252
In base 6, what is -3053341340 + -4?
-3053341344
In base 6, what is 1445043354 - -5?
1445043403
In base 2, what is -1101110101 + -1000100100010000?
-1000110010000101
In base 3, what is 11111 + 21012221002?
21020002120
In base 4, what is 1221 - 223121230?
-223120003
In base 4, what is -30 - 2132130?
-2132220
In base 10, what is 76 + -72486?
-72410
In base 12, what is 16 + 2305b5?
23060b
In base 5, what is -4001002021 + 1?
-4001002020
In base 10, what is -7 + 11487930?
11487923
In base 4, what is 1033100110 - 3?
1033100101
In base 16, what is -1 + 6a1e66?
6a1e65
In base 12, what is -2 - 15603118?
-1560311a
In base 16, what is 7 + -337f1?
-337ea
In base 15, what is 2e97 - -8d39?
bcd1
In base 15, what is 4b8 - -6083?
654b
In base 16, what is f0 + -55091?
-54fa1
In base 15, what is 58 + 14274aa?
1427513
In base 5, what is -1342303412410 - 2?
-1342303412412
In base 4, what is -100 - -1121023000123?
1121023000023
In base 5, what is -2 + 1122023110112?
1122023110110
In base 8, what is -234 + 523164?
522730
In base 12, what is 3363a0 + -9?
336393
In base 5, what is -14143 + -130341?
-200034
In base 4, what is -10 - -3233202303?
3233202233
In base 12, what is -a079b57 - 4?
-a079b5b
In base 15, what is -3bea + -1072?
-4c6c
In base 2, what is -111011110111000110101111 + 100?
-111011110111000110101011
In base 6, what is 31332 - -10450?
42222
In base 16, what is 237 - -596e6?
5991d
In base 4, what is -12 + 10212010130?
10212010112
In base 7, what is 54031 + 1665?
56026
In base 4, what is 21222111133 + -3?
21222111130
In base 8, what is 1561 - -320125?
321706
In base 13, what is 1923 + 17a2?
33c5
In base 14, what is 3a5757 - -1c?
3a5775
In base 13, what is -1 + -58592b?
-58592c
In base 11, what is -5334892 + -9?
-53348a0
In base 9, what is 2307 + -16071?
-13663
In base 8, what is 16 + 3436471?
3436507
In base 3, what is 2 + 2210021120221221?
2210021120222000
In base 11, what is 913 - 209?
705
In base 7, what is 125344 - -513?
126160
In base 4, what is 2031121220 + 2100?
2031123320
In base 3, what is -110001101 + -10010122?
-120012000
In base 3, what is 220220021 - 1010022102?
-12102011
In base 15, what is 156 - -160bb?
16222
In base 15, what is -5 + -27935c0?
-27935c5
In base 3, what is 1101020 + 20020002?
21121022
In base 8, what is -443726 + 4004?
-437722
In base 8, what is 155706256 + 3?
155706261
In base 6, what is -41 - -14443521?
14443440
In base 6, what is -2552 + 135523?
132531
In base 12, what is -19581a + 9?
-195811
In base 14, what is 7144292 + -3?
714428d
In base 16, what is -dbb4d - 1e?
-dbb6b
In base 6, what is 3544324012 + -5?
3544324003
In base 12, what is 5 - -119989?
119992
In base 5, what is 204 + -331124212?
-331124003
In base 13, what is 29b + -1ab9aa?
-1ab70c
In base 9, what is 388040422 - -4?
388040426
In base 11, what is 157 - 742aa2?
-742946
In base 15, what is -16 - -6064?
604d
In base 14, what is 32ad2 - -50?
32b42
In base 5, what is 21 + 200424400?
200424421
In base 2, what is 100 + -111000001001010111100011?
-111000001001010111011111
In base 3, what is -200 + -112211111?
-112212011
In base 3, what is 11110 + -12002020210?
-12002002100
In base 2, what is -11011 - -1111001001011110111001?
1111001001011110011110
In base 2, what is 110100 - -11111011000100011011?
11111011000101001111
In base 16, what is 3644 - -28?
366c
In base 15, what is 19bd - -c64?
2732
In base 15, what is -888006 + -5?
-88800b
In base 2, what is -110001011111001001010000111 + 0?
-110001011111001001010000111
In base 4, what is -10211312003 + 22?
-10211311321
In base 4, what is 213200101322 - -121?
213200102103
In base 5, what is -2420 + 4132423?
4130003
In base 8, what is -31606 - -371?
-31215
In base 9, what is -710 + 33182?
32372
In base 5, what is 130 + -11334211112?
-11334210432
In base 14, what is 12321d + 5?
123224
In base 5, what is 13433144102 + -11?
13433144041
In base 8, what is 30704076 + -11?
30704065
In base 11, what is 3aa27a6 - -5?
3aa2800
In base 3, what is -20000121011210 + -2022?
-20000121021002
In base 5, what is -4420312 - 14?
-4420331
In base 2, what is 10000010010011010110101010010 + 10?
10000010010011010110101010100
In base 7, what is -14026324 - -35?
-14026256
In base 3, what is 210 - -10202110021000?
10202110021210
In base 11, what is 171744 - -412?
172056
In base 6, what is -113250044 + -144?
-113250232
In base 6, what is 33 - 2340233150?
-2340233113
In base 5, what is 14404220041 - -21?
14404220112
In base 16, what is 1f - -9b67?
9b86
In base 11, what is -3a31 + 13890?
a95a
In base 12, what is -376a67 + -56?
-376b01
In base 12, what is 0 - -8634b7?
8634b7
In base 5, what is -1432431 - 2240?
-1440221
In base 10, what is 127625 - -14?
127639
In base 8, what is 103065343 - -5?
103065350
In base 4, what is -1232000330 - 110?
-1232001100
In base 14, what is -313682a - -7?
-3136823
In base 7, what is 150 - -4366432?
4366612